{"id":1725,"date":"2012-06-20T11:26:16","date_gmt":"2012-06-20T09:26:16","guid":{"rendered":"http:\/\/www.tragovi.com\/blog\/?page_id=1725"},"modified":"2012-06-20T11:26:16","modified_gmt":"2012-06-20T09:26:16","slug":"milan-mirkovic","status":"publish","type":"page","link":"https:\/\/www.tragovi.com\/poezija\/biografije-autora\/milan-mirkovic\/","title":{"rendered":"Milan Mirkovi\u0107"},"content":{"rendered":"<p>Rodjen 24.02.1979 u Zaje\u010daru gde i dalje \u017eivi. Zavr\u0161io je Ugostiteljsku \u0161kolu.  Studira Menad\u017ement u Zaje\u010daru. U medjuvremenu radi poslove koji lome ki\u010dmu i ispravljaju mo\u017edane vijuge.<\/p>\n","protected":false},"excerpt":{"rendered":"<p>Rodjen 24.02.1979 u Zaje\u010daru gde i dalje \u017eivi. Zavr\u0161io je Ugostiteljsku \u0161kolu. Studira Menad\u017ement u Zaje\u010daru. U medjuvremenu radi poslove koji lome ki\u010dmu i ispravljaju mo\u017edane vijuge.<\/p>\n","protected":false},"author":3,"featured_media":0,"parent":8,"menu_order":0,"comment_status":"open","ping_status":"open","template":"","meta":[],"_links":{"self":[{"href":"https:\/\/www.tragovi.com\/poezija\/wp-json\/wp\/v2\/pages\/1725"}],"collection":[{"href":"https:\/\/www.tragovi.com\/poezija\/wp-json\/wp\/v2\/pages"}],"about":[{"href":"https:\/\/www.tragovi.com\/poezija\/wp-json\/wp\/v2\/types\/page"}],"author":[{"embeddable":true,"href":"https:\/\/www.tragovi.com\/poezija\/wp-json\/wp\/v2\/users\/3"}],"replies":[{"embeddable":true,"href":"https:\/\/www.tragovi.com\/poezija\/wp-json\/wp\/v2\/comments?post=1725"}],"version-history":[{"count":1,"href":"https:\/\/www.tragovi.com\/poezija\/wp-json\/wp\/v2\/pages\/1725\/revisions"}],"predecessor-version":[{"id":1726,"href":"https:\/\/www.tragovi.com\/poezija\/wp-json\/wp\/v2\/pages\/1725\/revisions\/1726"}],"up":[{"embeddable":true,"href":"https:\/\/www.tragovi.com\/poezija\/wp-json\/wp\/v2\/pages\/8"}],"wp:attachment":[{"href":"https:\/\/www.tragovi.com\/poezija\/wp-json\/wp\/v2\/media?parent=1725"}],"curies":[{"name":"wp","href":"https:\/\/api.w.org\/{rel}","templated":true}]}}